 595*z = d - 63743. List the prime factors of z.
2, 3187
Suppose -4*u + 4*d = -227 + 75, 0 = -5*u + d + 178. Suppose 774 = 37*q - u*q. List the prime factors of q.
3, 43
Suppose -2*l = -3*w + 9, 4*l - 6*w = -3*w - 15. What are the prime factors of 88 + 8 + -3 + l?
2, 3, 5
Suppose n = 445 - 122. Let a be ((-4)/(-14))/((4/(-14))/(-2)). Suppose 5*i - 400 = -3*g, a*g + g = -4*i + n. What are the prime factors of i?
7, 11
Let b(s) = -s**3 + 5*s**2 + 6*s - 5. Let v be b(5). Let i be (-3 + 3)/((4/(-6))/((-118)/531)). Let d = i + v. List the prime factors of d.
5
Suppose 176*s = 186*s - 10810. What are the prime factors of s?
23, 47
Suppose 23312 = -18*b + 2*b. Let s = b - -2090. List the prime factors of s.
3, 211
Let c(g) = 3*g + 32. Let z be c(-9). Suppose -2959 - 66 = -z*i. List the prime factors of i.
5, 11
Let z = -310 - -122. Let l = -94 - z. Let i = l - 77. What are the prime factors of i?
17
Let q(r) = -r**3 + 5*r**2 - 3*r + 4. Let a be q(3). Suppose 0 = a*v - 14*v + 235. Suppose 7*b + 39 = v. What are the prime factors of b?
2, 7
Let u(b) = -15*b + 24. Let q be u(-19). Suppose 0 = -28*i + q + 15903. What are the prime factors of i?
3, 193
Suppose 139*b - 152*b = 858. List the prime factors of (-24)/(-132) - 11208/b.
2, 5, 17
Suppose 0 = -z + 14 - 6. Suppose -v = z*v. Suppose x + 3*x - 44 = v. What are the prime factors of x?
11
List the prime factors of (39/(-52)*28204)/(-2 + -1).
11, 641
Let u(n) be the third derivative of -n**6/120 - 7*n**5/30 + 19*n**4/12 + 25*n**3/6 + n**2 - 13. What are the prime factors of u(-19)?
2, 277
Let v = 95 - 269. What are the prime factors of (7 - 2)/(1 - v/(-177))?
5, 59
Let h be 2 + (8 - 1) + (0 - 3). Suppose -h*t = 1766 - 6026. What are the prime factors of t?
2, 5, 71
Suppose 2*j = -j - l - 125, 0 = -2*j + 2*l - 70. Let d be (10*1)/((-10)/j). List the prime factors of d + 3/((-12)/(-8)).
2, 3, 7
Let g be (16/(-36))/((-12)/54). Let t(x) = 2*x**3 + 6*x**2 + 2*x**3 - g - 5*x**3 + x - 11. What are the prime factors of t(5)?
17
Suppose 0 = -215*q + 220*q - 99570. List the prime factors of q.
2, 3, 3319
Suppose b - 32614 = -16*q + 11*q, 5*q = b + 32616. What are the prime factors of q?
11, 593
Suppose a - 228 - 233 = n, 3*a = -4*n + 1362. Suppose 4*m - a = 114. List the prime factors of m.
11, 13
List the prime factors of 24/28 - 255/175 - 192924/(-15).
3, 1429
Let k = -26302 - -44596. What are the prime factors of k?
2, 3, 3049
Let s = 25442 - -11553. What are the prime factors of s?
5, 7, 151
Let i be 10 + 12/(-2) + 2. Suppose -i*t - 132 = -10*t. List the prime factors of t.
3, 11
Let r(o) = -176*o + 33. Let z be 2*(2 - 40/16). What are the prime factors of r(z)?
11, 19
Suppose -5122882 - 1306436 - 3288423 = -309*b. List the prime factors of b.
3, 11, 953
Suppose 12*n - 4*n - 88 = 0. Let g = n + -10. Let i(k) = 69*k - 1. List the prime factors of i(g).
2, 17
Let w = -42 - -46. Let p be w + 62*(3 - 0). Let y = p - 50. What are the prime factors of y?
2, 5, 7
Let w be 32*(3 - 36/16). Let m = 608 + -608. Suppose -w*k + 12*k + 2400 = m. List the prime factors of k.
2, 5
Let x(m) = -11620*m + 2902. What are the prime factors of x(-3)?
2, 79, 239
Let n(b) be the third derivative of -17*b**5/120 - 7*b**4/24 + 5*b**3/3 + 14*b**2. Let m(k) be the first derivative of n(k). List the prime factors of m(-4).
61
Suppose 0 = -54*a + 55*a - 22. Let q = a - -50. Let x = -32 + q. List the prime factors of x.
2, 5
Suppose 4*p - 5*p = -13*p + 90204. What are the prime factors of p?
7517
What are the prime factors of 2*(495482/(-472))/((-2)/8)?
2, 13, 17, 19
Let j = 5317 + 8335. What are the prime factors of j?
2, 3413
What are the prime factors of -1*(39 - 42)*3833/3?
3833
Suppose -2*f + 64154 = 3273*z - 3275*z, -3*z = f - 32053. List the prime factors of f.
13, 2467
Let t be 4 + 4/(-1) - -4. Let h be ((-694)/t)/((-4)/8). Let s = h + -101. List the prime factors of s.
2, 3, 41
Let h(o) = 3*o**3 - 8*o**2 - 14*o + 19. Let p be h(9). Suppose p = -4*a - 1104. What are the prime factors of (-1)/(-6) - a/12?
53
Suppose -4*p + 2063 = -0*p + 5*h, -3*p + 1548 = 4*h. Let f = -86 + p. Suppose 3666 = 15*b + f. List the prime factors of b.
2, 3
Let n(b) = -6*b + 36. Let t be n(6). Suppose t = 4*g - 3*v - 2005, g - 3*v + 8*v = 530. What are the prime factors of g?
5, 101
Let h(v) = -23*v + 158. Let g be h(18). What are the prime factors of g/(-6)*(24/16)/1?
2
Suppose 3*o + 97 = u, 2*o = 9 - 1. List the prime factors of u.
109
Suppose -3*t + 4*b + 58 = 0, 0*b = b + 4. Suppose -t = 13*m - 20*m. Suppose -12 = 4*y, -m*u + 0*y = 2*y - 102. What are the prime factors of u?
2, 3
Suppose -2*u = 30 - 54. List the prime factors of (-1183)/(-42) + (-2)/u.
2, 7
Let b(y) = -191*y + 1225. Let m be b(7). Suppose h - 64 - 110 = 3*l, 0 = 5*h - 4*l - 914. Let w = h + m. List the prime factors of w.
2, 37
Let h = -27749 - -60070. What are the prime factors of h?
32321
What are the prime factors of 300/45*515913/230?
2, 7477
Suppose -2*z - 2 - 8 = 0. Let r(c) = -9*c**3 - 4*c**2 + 13*c - 15. List the prime factors of r(z).
3, 5, 7
Let s(n) = -42126*n + 1720. What are the prime factors of s(-1)?
2, 11, 1993
Let y(h) = -11*h**2 - 13*h - 17. Let t(k) = -2*k**2 + 1. Let d(p) = 4*t(p) - y(p). List the prime factors of d(-12).
3, 11
Suppose 0 = -4*n - 16, -n = -8*h + 7*h + 3227. Suppose 73 - h = -3*j + 4*l, j = 2*l + 1052. What are the prime factors of j?
2, 523
Let m = 432 + -851. Let w = m + 826. What are the prime factors of w?
11, 37
Suppose -5*q - 2*f = -119932, -57873 = -2*q + f - 9911. What are the prime factors of q?
2, 1499
Let r = -17 - -16. Let d be 2/((r/(-218))/((-6)/(-12))). Suppose 3*t - 324 = o + o, 2*o = 2*t - d. What are the prime factors of t?
2, 53
Suppose 83*o + 62*o = -21*o + 2649692. List the prime factors of o.
2, 23, 347
Suppose 79759 - 22351 = 96*f. List the prime factors of f.
2, 13, 23
Suppose 0 = -6*o + 38 - 14. Suppose -5*h + o*z = -0*h - 935, 5*h - 930 = 3*z. Suppose 5*n - h = 4*n. List the prime factors of n.
3, 61
Suppose 0 = 3*l + 3, l = 2*s + 35 - 0. What are the prime factors of (12/s)/((-2)/(-3))*-114?
2, 3, 19
Let s(q) = -22*q + 1465. What are the prime factors of s(47)?
431
What are the prime factors of (58/232)/((-1)/(-263124)) + -1?
2, 5, 11, 13, 23
Let q = 2422 + 3800. What are the prime factors of q?
2, 3, 17, 61
Let c(d) = -d**2 + 18*d - 14. Let b be c(17). Suppose -b*s = -4*j - 2535, 4*s - 5193 + 1844 = -5*j. What are the prime factors of s?
29
Let l(f) = -220*f**3 - 12*f - 4. What are the prime factors of l(-4)?
2, 3, 11, 107
Suppose -2*d - 3*n = n - 40, -3*d = -n - 60. Suppose -d*p + 6417 = 3*p. What are the prime factors of p?
3, 31
Let u(o) = 3*o**2 + 65*o - 1. Let t be u(-25). Suppose -t = n - 715. What are the prime factors of n?
2, 233
Let r(i) = 1 + 497*i - 3 + 910*i - 2 - 2. What are the prime factors of r(1)?
3, 467
Suppose 3*c = 5*f + 4, -3*c + 3 + 7 = f. Suppose c*g - 597 = -z + 1074, 0 = -3*z. What are the prime factors of g?
557
Suppose -4*t = -2*o - 20816, -11399 = -3*t + o + 4213. What are the prime factors of t?
2, 1301
Let z = 21898 + -13406. List the prime factors of z.
2, 11, 193
Suppose -x - 3*j = -756, -5*x + 3860 = 8*j - 13*j. Let r = x + -472. What are the prime factors of r?
2, 37
List the prime factors of (-31304)/(-6) + (-35)/105.
3, 37, 47
Let l be (-1)/(-3) + 13307/3. Suppose l = -164*c + 168*c. What are the prime factors of c?
1109
Suppose 11*y = 4*y + 189. Suppose -2*r + 4*z + y = -251, 0 = -3*r - z + 403. What are the prime factors of r?
3, 5
Suppose -n = -4*t - 4760, 8*n - 6*n - 9547 = -t. What are the prime factors of n?
2, 1193
What are the prime factors of (-1264)/(-474) - 11878*(-2)/6?
2, 7, 283
Let b be (-2 - -6)/(-1 - (-6)/2). Suppose 3*g - r - 175 = 0, 3*g + b*r = 2*g + 56. Suppose -g*m = -63*m + 70. What are the prime factors of m?
2, 7
Let i(y) = 0*y - 4*y - 4*y**2 - 56 + 54 - 487*y**3. List the prime factors of i(-1).
5, 97
Suppose 4*c + 61 + 75 = 0. Let b = 15 - c. Let f = 55 + b. What are the prime factors of f?
2, 13
Let a(l) = 6*l - 159. Let p be a(28). Suppose 2558 = p*m - 349. What are the prime factors of m?
17, 19
Suppose -q + 13318 = 5*n + 3*q, -3*n + 5*q = -7976. Suppose -4*x - 4*s - 1316 = -6*x, -4*x - 2*s + n = 0. What are the prime factors of x?
2, 83
Suppose 5*u - 